 n = 7*g - 10. Is 5/g*21154/35 composite?
False
Let j be (-39)/(-12) + 2/(-8). Suppose w + 2*c = 522, -2074 = -j*w - w - c. Suppose 0 = 7*m + w - 18781. Is m a composite number?
False
Suppose -569264 + 185654 = -30*q. Is (6/57 - 74/(-19)) + q prime?
True
Let l be (5 - 10)*(-86752)/(-20). Let o = -14825 - l. Is o composite?
False
Let f(l) = 73*l**2 - 31*l - 11. Let a be f(23). Suppose 5*o + a = 3*i + 8*o, -5*o = -4*i + 50542. Is i composite?
True
Let c(o) = 39*o**2 - o + 4. Let q be c(2). Let d = 6 + -6. Suppose b + 2*u - u - 93 = d, 2*b - q = 5*u. Is b prime?
True
Suppose 369535 = 6*j - j. Suppose j + 338671 = 18*g. Is g prime?
True
Suppose 2705*w - 2527*w = 43966. Is w a composite number?
True
Let l(r) = 2095*r**3 + r**2 - 50*r + 130. Is l(3) composite?
True
Suppose u - 2*i - 14 = -19, -3*u - 5*i + 29 = 0. Let o be (9/(-6))/(2/(-2596)). Suppose z + o = -g + u*g, -2933 = -3*g + 4*z. Is g prime?
True
Suppose 198*t - 192*t - 5844 = 0. Suppose 3 = -2*b + 7. Suppose 0*c + p + t = b*c, 3*c = p + 1459. Is c composite?
True
Suppose 26176 = 2*q + 2*q. Suppose 0 = -g - 4*v + 3*v + q, 5*g + v - 32708 = 0. Is g composite?
True
Suppose -3*l - 8380 = 4181. Let h = -2006 - l. Let q = h - 932. Is q prime?
True
Suppose -2*i = 6, 0 = -g + 2*i + i + 70033. Is g/7 + (-64)/(-112) + 3 a prime number?
True
Let c(j) = -j**2 - 19*j - 65. Let b be c(-15). Is (-19716)/(-30)*b/(-2) composite?
True
Let h(z) = 2*z**2 - 12*z - 11. Let q be h(9). Let v = q + -26. Suppose 7970 = v*o + 1527. Is o composite?
False
Suppose -9 = -5*d + 1, 2*d + 17 = -v. Let z = -13 - v. Let s(b) = 13*b**2 - 6*b + 15. Is s(z) a composite number?
True
Let k(b) = 30*b**2 - 19*b + 106. Is k(35) a prime number?
True
Suppose y - 6654 - 6935 = -3*z, -13589 = -y - 4*z. Is y a composite number?
True
Let y = 10713 + -202. Is y prime?
False
Suppose 4*l = -5*s - 16935, -5*l = 2*s + 4120 + 2671. Let r = 5023 + s. Suppose -r = -4*q + 2180. Is q a prime number?
False
Suppose 4*t - 278259 - 1624098 = 5*p, 0 = -2*p - 10. Is t prime?
True
Let o(q) = -4*q + 41. Let h be o(8). Let d(w) = 706*w + 19. Let l be d(h). Suppose -1657 - 2178 = -3*y + u, -3*u + l = 5*y. Is y prime?
True
Let f(u) = 20*u**3 + 79*u**2 + 31*u - 23. Is f(12) prime?
False
Let f = -46 + 51. Suppose -b - 3 - 8 = -5*p, -5 = f*b. Suppose 5*q = -p*i + 470, 2*q = 5*i + 6*q - 1175. Is i a composite number?
True
Suppose -4*h + 5*o + 47769 = -44607, 0 = -o + 4. Is h prime?
True
Suppose 19*x + 38849 = 15346. Let z = x + 5328. Is z a prime number?
True
Let g(z) = 6725*z**2 - 17*z + 3. Is g(5) a prime number?
True
Let b(o) = -49*o + 46. Let g(k) = -48*k + 47. Let i(x) = 4*b(x) - 5*g(x). Is i(13) composite?
False
Let v(n) = 510*n + 817. Is v(20) prime?
False
Let f(i) = i**3 + 80*i**2 + 171*i - 29. Is f(-64) composite?
False
Suppose -3*a + 16314840 = -22*a + 91*a. Is a a prime number?
False
Let m(l) = 26*l**2 + 11*l - 58. Let d(k) = 39*k**2 + 17*k - 87. Let b(z) = -5*d(z) + 8*m(z). Let p be b(21). Let c = p - 3188. Is c prime?
True
Let b(r) = -3*r - 4. Let p be b(-1). Let z be (1/(-2))/(p/(-6)). Is (257/2)/(z/(-6)) composite?
False
Let p(a) = -a**3 - 5*a**2 + 6*a + 8. Let o be p(-6). Let d = 7 - 398. Is (-16)/4 + o - d prime?
False
Let l be (-148)/(-12)*(-3 + 0)/(-1). Let u = l - 33. Suppose -u*h = -20, -2*q + 5*h - 1247 + 6908 = 0. Is q a composite number?
False
Suppose -2 = w - 5. Suppose -w*j = -2*j - 3*q - 2341, 0 = -3*j + 3*q + 6999. Is j a composite number?
True
Let f = -1073 + 11832. Suppose 2*u - 10765 = -l, -2*u - 7*l + f = -8*l. Is u a prime number?
True
Suppose 10166 + 12316 = 23*f - 5*f. Is f prime?
True
Let k(j) = -3*j**3 + 7*j**2 + 15*j - 45. Let m be k(13). Let w = m - -11679. Is w composite?
False
Let i(h) = 63*h**2 - 10*h - 34. Let u be -20 + (-1)/(-1) - -6. Is i(u) prime?
False
Suppose 0 = 2*f + 6, r - 7088*f - 732415 = -7090*f. Is r a composite number?
True
Let h = -913503 - -1305022. Is h prime?
True
Suppose -12215*o = -12225*o + 692530. Is o a composite number?
True
Let c(s) = -79*s**2 + s + 26. Let l(b) = 83*b**2 - b - 25. Let j(k) = -4*c(k) - 3*l(k). Is j(-8) a composite number?
True
Suppose 3*m + 10 = -q, 34*q - 1 = 38*q - m. Is ((-3 - -22)/q)/(-1) prime?
True
Suppose -145 + 417 = 16*q. Suppose 18*j - 187495 = -q*j. Is j composite?
True
Suppose -c + 13*n + 147597 = 14*n, -2*c + 295190 = 3*n. Is c a composite number?
True
Let n(f) = 16*f - 27. Let u be n(19). Suppose -u*p + 278*p = 673. Is p prime?
True
Let t(g) = 12*g**2 + 2*g - 33. Let p(j) = -9*j + 20. Let b be p(4). Is t(b) a composite number?
True
Let p(g) be the first derivative of 2*g - 6 + 2*g**2 - 3*g**4 - g**3 + 22 - 9 - 5*g. Is p(-4) a prime number?
True
Suppose 0 = -2*l - 4*v + 46436, -3*l - 11151 + 80805 = -4*v. Suppose 5*o - l = 113587. Is o a prime number?
True
Suppose s = -0*s + 3, -38 = 4*d + 2*s. Let t(f) = -5*f**2 - 119*f + 14. Let v be t(-24). Is (-2)/v + d*252/(-15) prime?
False
Suppose -140*d + 135*d = 5*z - 3108660, 2486935 = 4*z + 3*d. Is z a composite number?
False
Let d(k) = -3*k**3 - 2*k**2 - 15*k + 33. Is d(-19) prime?
True
Suppose -97*s + 103*s = 42234. Is s a composite number?
False
Let g be (1 - 52/(-12))*2685/2. Let h(o) = -o**3 - 19*o**2 - 85*o - 3. Let c be h(-12). Suppose -i - g = -c*i. Is i a composite number?
True
Let f = -2161 + 6708. Is f composite?
False
Let t be 6 - (-98)/14*(-8)/14. Suppose 16*v - t*j - 78522 = 12*v, -j = v - 19638. Is v prime?
False
Is (10/(-6))/((-325)/3638895) composite?
False
Is (-1)/((-1)/(-5))*(-161985)/75 composite?
False
Is (-8574640)/(-12)*39/52 a composite number?
True
Is 970/8*150512/460 prime?
False
Let z be (-5)/(-2)*(4 + -2). Suppose 0 = -7*d + z*d + 104. Suppose 0 = -5*k + 4*t - d + 198, -44 = -2*k - 2*t. Is k a composite number?
True
Is 7 - 6006212/(-16) - (-5)/(-20) a prime number?
False
Let g = 295730 - 451530. Let w = -73907 - g. Is w prime?
False
Let y be 6/363*11 - (-1237674)/11. Suppose 0 = 5*w - 2*j - 281325, -5*w + 3*w - 2*j = -y. Is w prime?
True
Is 6/22 + (-7145940284)/(-2222) a composite number?
True
Let v(n) be the second derivative of -67*n**3/6 - 111*n**2/2 + 95*n. Is v(-4) a prime number?
True
Let k(o) = -2*o - 17*o**3 - 7*o**3 + 34*o**3 + 7 + 10*o**2 - 12*o. Is k(5) a prime number?
False
Let n(s) = 153*s**3 - 2*s**2 - 3. Let w(v) = 154*v**3 - 2*v**2 - v - 3. Let c(j) = 4*n(j) - 3*w(j). Suppose -17 = -5*y - 7. Is c(y) a composite number?
True
Let i be ((30/40)/(-1))/((-2)/43768). Suppose -6*q + 8793 = -i. Is q composite?
False
Suppose 3*k = -5*i + 325, -4*k + 410 = i + i. Let o = 193 + k. Is o a prime number?
True
Suppose 0 = 5*m - 3*o - 7413, -o = 2*m - 1078 - 1885. Suppose 9*y = 3*y + m. Suppose 7*n - y = 6*n. Is n a prime number?
False
Suppose -5*s - 11809 = -11997 - 53807. Is s prime?
True
Suppose 0 = 9*v - 5 - 13. Is v/(-28)*-66298 - 168/294 composite?
True
Suppose 13*j - 318 = 11*j. Is j*(-34)/(-4)*(-4)/(-6) a composite number?
True
Suppose 4*q + 4*q = 32. Suppose -3*d - q*i + 36416 = -3197, 13215 = d + 4*i. Is d prime?
False
Suppose 3*t - 40 = 8. Let j = t + -16. Is (-13)/(-13)*(1282 + (j - -1)) prime?
True
Suppose -43*l + 10142 = h - 39*l, 2*h - 20275 = l. Suppose t = h - 3107. Is t a composite number?
True
Suppose l - 27 = 5*b - 96, -3*b = -5*l - 37. Is 172444/b - (-66)/(-154) a prime number?
False
Let g be 17/((-51)/(-220))*(-1443)/(-52). Suppose 5384 - 1436 = -3*k. Let o = g + k. Is o a composite number?
False
Suppose 2*g - 3*g - 6 = 0. Let u(f) = -41*f**3 - 5*f**2 - 12*f + 11. Let j(c) = -14*c**3 - 2*c**2 - 4*c + 4. Let r(h) = g*u(h) + 17*j(h). Is r(2) prime?
False
Let b(i) = 30 - 13 + i - 12. Let q be b(0). Suppose -5*j - 9 = 11, -4*j = -q*g + 8681. Is g a composite number?
False
Suppose 0 = 4*a - 2*a - 10. Suppose 10*s - 178 = -128. Suppose -4 - 16 = s*t, -t - 11669 = -a*y. Is y a prime number?
True
Let t be 0 + ((-8)/(-12))/(1/3). Let i(f) = -8 - f**3 - 6*f**2 - 6*f - 2*f**3 - 2*f**2 + 2*f**t. Is i(-5) a prime number?
False
Suppose 2*c + 7*m - 5927 = 0, m = -3*c - 331 + 9231. Let j be 2/(-1) + -64*29. Let o = c + j. Is o a composite number?
False
Let c = -7677 - -16442. Suppose 3*w - 5*i = 5259, 5*w + 0*i = -3*i + c. Is w prime?
True
Suppose 7 = p + n, 0*n - 1 = 5*p - 4*n. Suppose -22 = -w + 5*t, -2*t = 3*w + p*t + 14. Suppose -4*z - 883 = -r, -w*r - 3*z + 999 = -800. Is r a pri